 -58. What is the remainder when n is divided by m(-6)?
8
Let l(j) = 11*j**2 + 2*j + 4. Let i(c) = -12*c**2 - 2*c - 3. Let t(p) = -3*i(p) - 2*l(p). What is the remainder when 25 is divided by t(-1)?
12
Suppose -2*i + 12 = -4. Let v(a) = -a**2 + a + 3. Calculate the remainder when i is divided by v(0).
2
Calculate the remainder when 33 is divided by (15 - 3) + 1 + 0 + -1.
9
Let c(l) = 2*l**2 - 3*l - 1. Calculate the remainder when 77 is divided by c(-2).
12
Suppose -y = 4*y - 5*s + 10, 0 = -y + 2*s - 7. Let j = 41 + y. Calculate the remainder when j is divided by 23.
21
Suppose -3*k + 1 = -50. Calculate the remainder when k is divided by 2.
1
Let f(k) = k**2 - 4*k + 3. What is the remainder when f(7) is divided by (-1 - -1) + 1 - -12?
11
Let x(y) = y**3 - 9*y**2 - 9*y - 4. Let q be x(10). Suppose -12 = 4*o, -23 = -5*v - q*o + 2*o. Calculate the remainder when v is divided by 4.
3
Suppose -l = 2*r + l - 44, -4*r + 61 = -5*l. Suppose 4*z = r + 25. Let v(w) = 15*w + 1. Calculate the remainder when v(2) is divided by z.
9
Suppose 4*s - 6 = 6. Suppose s*r = 2*w - 94, -2*w + 235 = 3*w + 2*r. Suppose -7 = -4*f + 2*f + 5*n, n - 53 = -3*f. What is the remainder when w is divided by f?
15
Let z(x) be the second derivative of x**4/6 + x**3/6 - 7*x**2/2 - 2*x. Let v(b) = -b**3 - 4*b**2 - 4*b - 1. What is the remainder when z(4) is divided by v(-4)?
14
Suppose 5*y - 2 - 58 = 0. Suppose -3*a - 12 = y. Let s = 11 + a. Calculate the remainder when s is divided by 2.
1
Suppose 0 = 3*m + 2*l - 81, -l + 178 = 5*m + 43. Calculate the remainder when m is divided by 15.
12
Calculate the remainder when 11 + -7 + (19 - -1) is divided by 9.
6
Let r(g) = 54*g - 5. Calculate the remainder when r(1) is divided by 5.
4
Let d(p) = p**3 + 3*p**2 - 5*p - 1. Let u be d(-4). Suppose 0*q - 30 = -u*q. What is the remainder when 29 is divided by q?
9
Let z = 10 + 1. Calculate the remainder when z is divided by 5.
1
Let f = -2 + 10. Let i be 30 - (0/(-1) - 2). Suppose 24 = 4*b - i. Calculate the remainder when b is divided by f.
6
Suppose 4*k - 2*l = -k + 85, k - 3*l - 30 = 0. What is the remainder when 58 is divided by k?
13
Suppose 23*z - 18*z = 960. What is the remainder when z is divided by 39?
36
Let p = 21 + 1. Calculate the remainder when 64 is divided by p.
20
Let t be 6/(2 - 5/2). Let j(h) = -2*h - 13. Calculate the remainder when 31 is divided by j(t).
9
Let l(z) = z**3 + 3*z**2 - z + 1. Let t(a) = a**3 - 13*a**2 + 16*a + 26. What is the remainder when t(12) is divided by l(2)?
17
Let d = 164 + -106. Calculate the remainder when d is divided by 12.
10
Suppose 4*o + 4*s = 244, 4*o - 57 = 3*o - 2*s. Calculate the remainder when o is divided by 17.
14
Suppose 4*p = 5*f + 62, 3*p - 2*f - f - 45 = 0. Suppose -6*b = 175 - 625. Calculate the remainder when b is divided by p.
10
Suppose 15 + 0 = y. Calculate the remainder when 59 is divided by y.
14
Suppose -t = -2*w - 99, -488 = t - 6*t + 3*w. What is the remainder when t is divided by 49?
48
Let j = 4 - -1. What is the remainder when j is divided by 4?
1
Suppose 29 = -a + 39. Calculate the remainder when 35 is divided by a.
5
Calculate the remainder when 99 is divided by (-608)/(-24) - (-2)/(-6).
24
Suppose -2 = 5*t - 32. Let b(x) = 5 - 11 - 3*x**2 - 14 + 5*x + 4*x**2. Calculate the remainder when b(-9) is divided by t.
4
What is the remainder when 23 is divided by (-32)/80 + (-42)/(-5)?
7
Let w(v) = 2*v - 10. What is the remainder when 1/3 + (-932)/(-12) is divided by w(15)?
18
Suppose 3*y - 6*y - 23 = 5*u, -3*u + 5*y - 41 = 0. Let i(h) = -h - 2. Calculate the remainder when 14 is divided by i(u).
4
Let j = -6 + 5. Let d = j - -3. Suppose 3*t + 0 = 6. What is the remainder when t is divided by d?
0
Let l(o) = o. Let t be l(3). Suppose 5*a + 47 = t*m, -5*m + 2*a + 65 = -3*a. What is the remainder when m is divided by 5?
4
Let k(q) = -q**3 + 5*q**2 + 9*q - 10. Calculate the remainder when 10 is divided by k(6).
2
Let j = -22 - -28. Calculate the remainder when 23 is divided by j.
5
Let u = -7 + 23. Let r = 31 - u. What is the remainder when 43 is divided by r?
13
Suppose 12*b = 8*b - 76. Let v = -9 - b. Calculate the remainder when v is divided by 3.
1
Calculate the remainder when 50 is divided by (-1)/(-2)*-6*(-14)/3.
8
Let q(j) = -j**3 + 6*j**2 - 3*j + 2. Suppose 4*l = -o + 144, -3*l - 5*o + 13 + 112 = 0. What is the remainder when l is divided by q(5)?
11
Let q be (9/(-6) + 2)*52. Suppose 2*x + 2 - 6 = 0, q = w + 5*x. What is the remainder when 62 is divided by w?
14
Suppose 0 = 2*y + 2*d - 8 - 12, 0 = y + 5*d - 22. Calculate the remainder when 20 is divided by y.
6
Suppose -2*l - 152 = -462. Calculate the remainder when l is divided by 32.
27
Suppose -3 = 2*l - 5. Suppose -25 = -4*n - 13. Calculate the remainder when n is divided by l.
0
Let u(s) = -s**2 + 1. Let l be u(1). Suppose -20 + l = -m. What is the remainder when m is divided by 7?
6
Let x be ((-6)/9*6)/(-1). Let r(a) = a**3 - 3*a**2 - a - 2. Let b be r(x). Suppose 0*h + b = h. What is the remainder when 29 is divided by h?
9
Suppose -5*a + 3*s + 2 = 0, 5*a + 5*s - 6 = 4*a. Calculate the remainder when 1/(-1)*-1*3 is divided by a.
0
Suppose 4*w - 63 = 41. Suppose -4*v + 5*n + 58 = 7, 2*v + 5*n - 33 = 0. Calculate the remainder when w is divided by v.
12
Suppose -22 + 2 = -5*n. Suppose 0 = 4*s - 5 - 7. Calculate the remainder when n is divided by s.
1
Suppose -5*n + 51 + 4 = 0. Calculate the remainder when 52 is divided by n.
8
Let u(s) = -s**3 + 2*s**2 + 2*s - 1. Suppose 5*k + 7 = 6*k. What is the remainder when u(-2) is divided by k?
4
Let t = 0 - -4. Let v = t - -5. Calculate the remainder when 34 is divided by v.
7
Let d(o) = 2*o**3 + 24*o**2 - 26*o + 32. Let z = 226 - 99. What is the remainder when z is divided by d(-13)?
31
Let g = 85 - 55. Calculate the remainder when 35 is divided by g.
5
Let k(f) = -f - 3. Let q be k(4). Let v = 19 + q. Calculate the remainder when 1 + 5/((-10)/(-44)) is divided by v.
11
Suppose -3*n = -5*b + n + 2, 0 = -3*n + 6. Suppose -4*m - 6 = -34. What is the remainder when m is divided by b?
1
What is the remainder when 35 is divided by (-2 + 7 - 8) + 22?
16
Let w(c) = 7*c + 6. Let b(n) = 6*n + 6. Let i(m) = 5*b(m) - 6*w(m). What is the remainder when i(-3) is divided by 11?
8
Suppose -3*u + 3 = 0, -5*u + 465 = 2*k + 3*k. Calculate the remainder when k is divided by 32.
28
Let k(a) = -a**3 - 31*a**2 - 31*a + 30. What is the remainder when k(-30) is divided by 9?
6
Let b(i) = i**2 + i + 5. Calculate the remainder when 66 is divided by b(3).
15
Let h = -42 - -72. Calculate the remainder when 86 is divided by h.
26
Suppose 4*v - 18 = 2*v. Calculate the remainder when v is divided by ((-12)/(-9))/((-2)/(-6)).
1
Let v(x) = x + 1. Let l be v(0). Let g = l - -10. Calculate the remainder when 42 is divided by g.
9
Let s = 33 + 0. What is the remainder when s is divided by 18?
15
Let g(a) = -6*a - 2. Let t(j) be the third derivative of j**4/24 + j**2. Let o(s) = -g(s) - 5*t(s). Calculate the remainder when 7 is divided by o(2).
3
Suppose -20 + 8 = -3*l, -4*c + 3*l = 4. Let g be (3*2)/(-3 + 4). Suppose g*s - c*s - 44 = 0. Calculate the remainder when s is divided by 4.
3
Let m = -10 + 22. Calculate the remainder when 58 is divided by m.
10
Let y(r) = 2*r**2 + 3*r + 1. What is the remainder when 60 is divided by y(-4)?
18
Let p = 6 - -6. Let k(h) = -2*h + 3. Calculate the remainder when p is divided by k(-1).
2
Suppose 3*p - 3*f + f = 71, -2*p = -3*f - 49. What is the remainder when p is divided by 6?
5
Let m(r) = 2*r + 14. Suppose 2*d = -0*d - 4. Let a = d - -33. What is the remainder when a is divided by m(-3)?
7
Let u = 1 - 3. What is the remainder when 5 is divided by (u - (-1 + -3)) + 1?
2
Calculate the remainder when (48/9 - 0)*12/8 is divided by 1.
0
Suppose -5*i - 190 = -5*t, -108 = -t - 2*t + i. What is the remainder when t is divided by 12?
11
Suppose -52 - 8 = -5*b. Suppose -2 = 2*a, -3*t = -5*a - 8 - b. Suppose -45 = 3*m - 8*m. Calculate the remainder when m is divided by t.
4
Suppose 160 - 34 = 7*g. What is the remainder when 50 is divided by g?
14
Let w = -10 - -12. Let n(o) = 6*o**3 - 4*o**2 + 3*o - 2. Calculate the remainder when n(w) is divided by 10.
6
Suppose -4*u + 5 = -3*u. Calculate the remainder when 10 is divided by 